(-4)/(-16)*6*-1). Is 9296/c - 42/70 prime?
True
Let t be 160/90 - (-4)/18 - -1575. Suppose 5*o - 1668 = t. Suppose 385 = 3*q - 2*w, 5*w = -5*q + w + o. Is q prime?
False
Let z(s) = 5*s + 3. Let v be z(4). Suppose -5*i + v = -2*u, 3*u - 7 = 3*i - 19. Let j(w) = 695*w - 18. Is j(i) prime?
True
Suppose -3*c + 12938 = -646*j + 641*j, -2*j - 8632 = -2*c. Is c a prime number?
False
Let v be -51 - 4*(0 - 2/4). Let c = 73 + v. Suppose -b + y = -3852, -4 = -4*y - c. Is b a composite number?
False
Let c = -10441 - -20862. Is c composite?
True
Let n = -322 - -340. Suppose -n*v + 36615 + 159171 = 0. Is v a composite number?
True
Suppose -387*k = -371*k - 1360. Let d = k + 4796. Is d prime?
False
Suppose 5*g - 10055 = 2*d, -3*g = -0*g - 2*d - 6033. Suppose -2682 = -4*y + 3*k - k, -3*y + 2*k + g = 0. Is y composite?
True
Suppose -12*q + 4668 = -16*q. Let w = q + 2790. Is w a prime number?
False
Let d be 1 + (-14 - -13) + (6 - 2). Suppose -117927 = -4*q - 5*x, 1 = d*x + 5. Is q a composite number?
False
Let d(j) = j**2 - 8*j - 9. Let o be d(7). Let v be (-80)/o + 6/(-2). Suppose 16 = 4*a, -v*t = -a - 1782 - 3900. Is t a prime number?
True
Suppose 0 = -22*q + 18*q - 24, h = -13*q + 460973. Is h a prime number?
True
Let t be (-9)/6*(7 + 652099/(-21)). Let r = -30751 + t. Is r composite?
False
Let n be 12 + -3 + -2 + -3 + 4. Suppose -5*z = n*z - 15626. Is z a composite number?
True
Let d(n) = 168*n**2 + 54*n + 191. Is d(27) a prime number?
True
Let q = 382 + -368. Suppose -18*m + q*m = -19204. Is m a prime number?
True
Let l(y) be the third derivative of 0*y - 1/6*y**5 - 5/3*y**3 + 0 + 1/120*y**6 - 23*y**2 - 5/12*y**4. Is l(12) a composite number?
True
Suppose 0 = 3*b - j - 1867, -5*j + 629 = b - 2*j. Suppose 3*z + 804 = 4*c - z, 0 = -3*c - 2*z + b. Is c prime?
False
Suppose -1437*c + 1436*c = -65777. Is c composite?
False
Let g = 184797 + -102346. Is g a composite number?
True
Let u = -7 + -1. Is 148/u*2*-31 composite?
True
Let u = 480 + 58. Let l = 377 + u. Suppose -l - 3077 = -8*a. Is a a composite number?
False
Let b(m) = 2*m - 20. Let d be b(10). Suppose -5*l + d = -5. Is (-9 - -270) + -5 + l prime?
True
Suppose 8*s = 20*s - 48. Suppose -r - s*n = -207, r - 3*n = -2*r + 681. Is r prime?
True
Suppose 496 = 4*n - 2*x, -3*x = -14*n + 17*n - 372. Suppose -119*m - 2*f = -n*m + 9449, 5670 = 3*m - f. Is m a composite number?
True
Let x = 538917 - 222940. Is x composite?
False
Let q be (-32 - 123856) + 6/1. Is (14/(-28))/(3/q) composite?
True
Let v(p) = -29*p - 38. Let n(f) = -f**2 - 8*f - 4. Let b be n(-6). Suppose -5*h + 27 = -2*m - b, -3*m - 44 = h. Is v(m) a prime number?
True
Let x(d) = -161*d**2 + 7*d - 45. Let b be x(-14). Let n = -16278 - b. Is n a prime number?
False
Let r = 469889 + -158322. Is r prime?
True
Let h(o) = -513*o**3 - 5*o**2 - 55*o - 13. Is h(-10) a prime number?
False
Suppose -114*o = -1472271 - 494571 - 1169184. Is o composite?
False
Suppose 67*j - 18*j - 24*j = 4020925. Is j a prime number?
False
Suppose 4*s + 3*p = -629 + 2444, 0 = 3*p - 15. Let c be (-85)/51*(-2385)/25. Let i = s - c. Is i a prime number?
False
Is ((-10)/4 + 2)*(-69 - 24005) composite?
False
Let j(o) = -o**3 + 94*o**2 + 218*o - 16. Is j(-101) composite?
True
Let r(t) = 79*t**3 - 13*t**2 + 16*t - 737. Is r(24) a prime number?
False
Let i(o) = -o**3 - 3*o**2 + 6*o + 5. Let s be i(-4). Let h = s - -6. Suppose d - 2100 = -5*q, h*d + 409 = q + d. Is q a composite number?
False
Suppose 5*p - 42 = -27. Suppose 7*y = p*y + 40. Is (y/8)/(3/3156) prime?
False
Let l(u) = 1019*u + 27. Let o be l(1). Let n = 2161 - o. Is n a composite number?
True
Let h(w) = 835*w - 152. Is h(1) a prime number?
True
Let j(d) = 119932*d - 2873. Is j(10) composite?
True
Let x = 150 - 134. Is ((-3004)/(-10))/(x/760) a prime number?
False
Suppose 0 = -2*r + 175 - 2787. Let d(f) = -41*f**2 - 2*f - 26. Let o be d(-3). Let y = o - r. Is y composite?
True
Let c(m) = 11495*m**2 + 3*m - 4. Let l be c(1). Suppose l = 53*i - 51*i. Is i prime?
False
Let j(w) = -45*w + 62. Let y(z) = -91*z + 123. Let s(g) = -11*j(g) + 6*y(g). Let t(r) = 256*r - 280. Let u(b) = -14*s(b) - 3*t(b). Is u(-13) a prime number?
False
Is (24/10 - 2)*((-13487121660)/24)/(-71) composite?
False
Suppose 3*q + 385150 = 3*j + 123727, q + 348552 = 4*j. Is j prime?
False
Suppose -10 = 6*g - 10. Suppose 4*y - 4492 = -3*i + 7*i, 5*y + 2*i - 5615 = g. Is y composite?
False
Suppose 1374345 = 2162*r - 2159*r + 2*h, 3*h = -18. Is r a composite number?
False
Let d(y) = 2*y + 13. Let s be d(6). Let x = s + -35. Let c(n) = -35*n - 15. Is c(x) composite?
True
Let c = -396513 - -1038302. Is c a prime number?
True
Let o = 183328 + -63541. Is o a prime number?
False
Let l(k) = -k**3 + 122*k**2 - 632*k - 9. Is l(110) a prime number?
False
Let p be 13/(4 - 3479/868). Let d = p - -2945. Is d composite?
True
Let n(g) = 17*g**2 + g - 7. Let i be n(8). Suppose 1832 = 23*x - i. Is x prime?
True
Let t(l) = 1813*l**3 + 5*l - 4. Suppose r - 252 = -251. Is t(r) prime?
False
Let f(p) be the third derivative of p**6/120 - p**4/8 + p**3/3 - 32*p**2. Let g be f(2). Suppose 4*m = -g*m + 37688. Is m a prime number?
False
Let d = 8 - -35. Let f be (11 + -10)/(-4 + (-4676)/(-1168)). Let k = d + f. Is k composite?
True
Suppose -4*h = -g + 582133, -5*h + 5821060 = -32*g + 42*g. Is g a prime number?
False
Let s be (-3)/(-5) + 19234/10. Is (s/6)/((-14)/(-21)) a composite number?
True
Suppose -4 = 5*l - 4. Let k be (-2)/(-1)*55/22. Suppose 4*x + 4 + 1224 = 2*h, l = 2*h - k*x - 1228. Is h composite?
True
Let a be (8/(112/(-27755)))/(3/2202). Is a/(-117) - (-4)/(-18) a composite number?
False
Suppose -896*w + 451*w - 2821528 = -453*w. Is w composite?
False
Suppose -3 = -5*u + 3*h - 4, 6 = 2*u + 2*h. Let j be (-3)/((-3)/179) - (-2)/u. Let k = j - -452. Is k a composite number?
True
Suppose 0 = 6*m - 9*m + 3*d + 229905, 0 = -3*m + 2*d + 229901. Is m a prime number?
True
Let h(x) = -3465*x - 3098. Is h(-127) composite?
False
Let r(n) = 6*n**2 - 8*n - 2 + n**3 + 7*n**3 + n**3 - 8*n**3. Let z be r(-7). Suppose 845 = 4*m - h, -z*m + 5*h = 13 - 1073. Is m prime?
True
Let f(y) = -y**3 - 37*y**2 - 437*y + 494. Is f(-77) composite?
True
Let o = -1927 - -4170. Suppose -3*f + 2*a - 5591 = -8*f, 0 = -2*f - 3*a + o. Is f a prime number?
True
Let g = 5064199 - 3330594. Is g a prime number?
False
Let l = 30 - 23. Let d = -99 + 100. Suppose k - d = 0, 2*g - 4*k = l*g - 579. Is g a composite number?
True
Suppose -913959 - 2753946 = -15*m. Is m a composite number?
True
Let d be (-3)/(-2)*(-3240)/3. Suppose -1023*a = -1028*a - 3705. Let n = a - d. Is n a composite number?
True
Suppose -20*l = -2*o - 19*l + 110589, -o + 55292 = 2*l. Is o a composite number?
True
Let v(x) = 3605*x**2 - 16*x - 2. Is v(-11) prime?
False
Let n(r) = r**3 - 14*r**2 + 15*r - 26. Let p be n(13). Suppose p = 30*j - 12*j - 2934. Is j composite?
False
Let v be (34/(-6))/(7/7707). Let p = v - -12018. Is p a prime number?
True
Let u(h) = -h**3 - 17*h**2 - 15*h + 18. Let t be u(-16). Suppose -3*x - 6929 = -3*p - 2*x, 0 = p - t*x - 2313. Is p composite?
False
Let r(s) be the second derivative of 7/6*s**3 + 5/12*s**4 + 13/2*s**2 + s + 0. Is r(7) composite?
False
Let q = -46287 - -72926. Is q composite?
True
Let d be 50/((18/(-99))/2). Let z = d - -1212. Is z a composite number?
True
Let z = -80 + 108. Let d = -30 + z. Is d - (-2)/((-10)/(-2415)) a composite number?
True
Let h = 177 + -174. Suppose h*b - d + 250 - 3668 = 0, 1146 = b + d. Is b a prime number?
False
Let p be (-1)/(6/48*-1). Let q(l) = 13*l**2 + 3*l - 14. Is q(p) a composite number?
True
Let r(g) = 3*g**2 + 4*g - 17. Let c be r(3). Suppose 0 = -c*i + 31*i - 13761. Is i prime?
False
Let w(r) = 89*r**2 - 15*r + 105. Let b(z) = 179*z**2 - 29*z + 210. Let j(u) = -2*b(u) + 5*w(u). Is j(9) composite?
True
Let m = 9658 - 2465. Is m composite?
False
Let g(w) = 1878*w + 365. Is g(56) composite?
False
Suppose -r = r - 4*y - 18, 0 = -2*r - 3*y - 10. Let m be ((-21)/(-3)*r)/((-1)/(-23)). Let h = m - 76. Is h a prime number?
False
Let j(r) = -10*r**3 - 17*r**2 + 244*r - 11. Is j(-32) composite?
True
Suppose -x + 5 = 2*d, 5*d + x - 8 = 3*x. Suppose 4*l - 10291 = -2*t + 5*l, d*l = t - 5141. Is t a prime number?
True
Let y = -38 + 42. Let o be ((-2)/6)/(y/60). Is (2/o + (-4106)/10)*-1